alculate the greatest common divisor of v and 10.
10
Let t be -2 - (-6 - (1 - -1)). Let q(p) be the third derivative of p**4/12 + 2*p**3/3 + 3*p**2. Let h be q(t). What is the greatest common factor of 176 and h?
16
Let t = 81 - 21. What is the highest common divisor of t and 12?
12
Let n = 69 - -30. Let f be (-3)/(-2) + (-1)/(-2). Suppose f*t = -2*j + 24, 3*j - 7 - 2 = 0. What is the highest common divisor of n and t?
9
Let c = -72 + 149. What is the highest common divisor of c and 11?
11
Suppose 14*l - 5*l = 189. Suppose 5*b - 4*v - 89 = 0, 5*b - 5*v - 64 = b. Calculate the greatest common divisor of b and l.
21
Suppose 0 = -4*s + 57 + 63. Calculate the greatest common divisor of 12 and s.
6
Let g(k) = 92*k**2 - 2*k + 1. Suppose 13 = -r - 1. Let z be r/(-10) - (-6)/(-15). Let c be g(z). Calculate the greatest common divisor of c and 13.
13
Let i = 103 - 71. What is the highest common factor of 48 and i?
16
Let o(b) = -12*b**3 - 2*b**2 + 1. Let q(x) = -x**3 - x**2 + 1. Let h be q(-1). Let i be o(h). Let f = i + 21. Calculate the highest common divisor of f and 1.
1
Let o be 2/(-3) + 10/6. Let b(c) = c**2 + 6*c + 7. Let j be b(-5). Suppose -5*y + p - 2 + 7 = 0, 0 = y - j*p - o. What is the highest common factor of 3 and y?
1
Let l = 9 - 3. What is the highest common divisor of 9 and l?
3
Suppose 4*r = -4*g + 276, r + 260 = 5*g - 67. What is the greatest common factor of g and 44?
22
Let q = 0 + 2. Let p be (q - (-6)/(-4))*-8. Let l be (-403)/(-9) + p/(-18). Calculate the highest common divisor of 18 and l.
9
Let q be -1*2 - (-17 + -3). Suppose n + 1 = -15. Let u be n/6*27/(-1). What is the greatest common factor of u and q?
18
Suppose 2*j - 116 - 24 = 0. Let y be 1 + 17 - 5/(30/24). Calculate the greatest common divisor of j and y.
14
Suppose d + 46 = 3*d + 3*w, -w + 42 = 2*d. Calculate the highest common factor of 160 and d.
20
Let c be (-19)/(-4) + (-6)/8. Suppose -c*g + 20 = -12. Suppose 2*o + 0*o - 116 = 3*b, -4*b - 240 = -4*o. What is the greatest common factor of o and g?
8
Suppose -5*v + 0*l - 3*l = -25, 0 = 3*v - l - 15. Suppose 0 = g - v*w + 1, 3*g - 11 - 54 = -2*w. Calculate the highest common factor of 133 and g.
19
Let l be 1 + 36 + 1 + -2. Let q = -20 + l. What is the highest common factor of 64 and q?
16
Let u(c) = -c**2 + c + 1. Let b be u(0). Suppose 5*t = -4*z - 9 + b, 2*z + 10 = -4*t. What is the greatest common divisor of 2 and z?
1
Let g be (-13)/(-3) + (-1)/3. Suppose -j = g*a - 241, -8*j = 3*a - 4*j - 184. What is the highest common factor of a and 15?
15
Let s be (-1 - 3)*6/(-8). Suppose s*t - 4*u = 32, -u + 3 = t + t. Let p = 7 - -13. What is the highest common factor of t and p?
4
Let l(r) = 2*r**2 + 6*r + 6. Let h be l(-4). What is the greatest common factor of h and 154?
14
Let p(q) = 2*q**2 + 18. Let v be p(0). Calculate the greatest common divisor of 63 and v.
9
Let l = -6 - -11. Let g = l + 18. Calculate the highest common divisor of 23 and g.
23
Suppose c + 0*c + 3*g = 123, 2*c = 5*g + 202. Calculate the highest common factor of c and 74.
37
Let z = -5 - -9. Suppose 0 = -4*l + 50 + 102. Let k be 2/10 + l/10. Calculate the highest common divisor of k and z.
4
Let a = 48 - 41. Calculate the highest common factor of 7 and a.
7
Let h = 60 - -10. What is the highest common divisor of 10 and h?
10
Let x = -7 + 13. Suppose 3*v = -4*o + 10, 2*v = -2*v - 8. Suppose a - o = 2*l + 52, 4*a = -3*l + 180. Calculate the greatest common divisor of a and x.
6
Let m be -30 + 0 + (-12)/(-3). Let n be 5/(-10) + m/(-4). Calculate the greatest common divisor of n and 2.
2
Let g(m) = -m**2 + 15*m + 4. Suppose 4*k = -3*v + 48, v - 6*v = -4*k + 48. Let u be g(k). Calculate the greatest common divisor of 100 and u.
20
Let n(r) = 5*r**2 - r + 2. Let d be n(-3). What is the highest common divisor of d and 20?
10
Suppose -5*n - 2*n + 28 = 0. What is the highest common factor of n and 36?
4
Let c(x) = 4*x + 1 + 2 + 1 - x. Let m be c(-5). Let a be (-2)/m - (-84)/22. Calculate the highest common factor of 4 and a.
4
Let g = 708 + -433. Suppose 0 = 3*i + 3*f + 2*f - 2, 0 = -2*f - 4. Suppose -i*o = o - g. What is the greatest common divisor of 11 and o?
11
Let v = -25 - -35. What is the highest common divisor of v and 5?
5
Let p(i) = i**2 - 2*i - 4. Let t be p(5). Suppose -3*z + 221 = -43. What is the highest common divisor of z and t?
11
Suppose -u - 5*z = u - 36, 2*u - 8 = 2*z. Let x be (-88*1)/(-4) - -2. What is the greatest common divisor of u and x?
8
Let y(p) = p**3 - 14*p**2 + 14*p - 15. Let c be y(13). Let w = 5 - c. Calculate the highest common divisor of w and 28.
7
Let k be (-1)/(5/(-20)*2) - -206. Let w(g) = -64*g + 2. Let x be w(-2). Let z be x/4*(-8)/(-10). Calculate the highest common divisor of z and k.
26
Let d = -34 - -39. What is the greatest common divisor of 35 and d?
5
Suppose -2*r + 0*y = 4*y - 20, 3*r - y - 44 = 0. Let v be 4/r - (-330)/21. Let u = 104 - v. Calculate the greatest common divisor of 8 and u.
8
Let x(a) = -a**3 + 7*a**2 - 5*a - 7. Let r be x(5). Let k(p) = -62*p. Let o be k(-1). Let h = o + r. Calculate the greatest common divisor of h and 16.
16
Let x = -101 + 157. What is the highest common factor of 24 and x?
8
Let c be -60*-3*(-3)/(-12). Suppose 5*q + 5 = c. What is the greatest common factor of q and 4?
4
Suppose -5*a - 3*m + 263 = 0, -4*a + 21 = m - 195. Calculate the highest common factor of 22 and a.
11
Let j(w) = 6*w - 1. Let p be j(5). Let u = -17 + p. Let k(z) = 2*z**3 - 6*z**2 - 4. Let i be k(5). Calculate the highest common factor of u and i.
12
Suppose -2*m - 4*m = -144. Calculate the highest common factor of 16 and m.
8
Let h(c) = c + 3. Let i(p) = 2*p**2 + p - 4. Let q be i(-2). Let v be h(q). What is the highest common divisor of 20 and v?
5
Let m(u) = -9*u - 3. Let w be m(-2). Calculate the highest common divisor of 60 and w.
15
Let d be (-1 - (-915)/5) + (-2 - -2). What is the highest common factor of d and 26?
26
Let w(q) = 6*q + 11. Let c(a) = 2*a + 4. Let k(i) = -11*c(i) + 4*w(i). Let r be k(2). Suppose -r*j + 58 = -82. Calculate the greatest common factor of 5 and j.
5
Let u(b) = b**3 + 2*b**2 - 2*b + 2. Let t be u(3). Calculate the greatest common divisor of t and 287.
41
Suppose -3*w = 12*w - 660. Calculate the highest common divisor of 22 and w.
22
Let m(f) = f**3 - 12*f**2 + 12*f - 11. Let t be m(11). Suppose -4*b + 114 = -3*u + 752, 2*u - 5*b - 430 = t. What is the highest common divisor of u and 21?
21
Suppose 5*n + 38 + 37 = 0. Let x be (-3)/(-15) + (-207)/n. Let c be -2 + 18 - (4 + -2). Calculate the greatest common divisor of c and x.
14
Suppose -468 = -20*i + 16*i. Calculate the highest common factor of 13 and i.
13
Suppose -v - 2 = -5*w, w - 6*v = -v - 14. Suppose 3*m - 9 = -0. Suppose -3*r = -y + 5*y - 27, -m*r = 2*y - 27. Calculate the greatest common factor of w and r.
1
Let y = -13 - -38. Suppose 5*s + 2*c - y = 11, 4*s - 9 = 5*c. Calculate the highest common divisor of 24 and s.
6
Let q(z) = -5*z. Let g be q(-3). Let t be 154 - ((-2)/2 - -4). Let a = t + 14. Calculate the highest common divisor of a and g.
15
Let l be (-18)/(-3) + 5/(-5). Suppose 3*a - 31 - l = 0. What is the greatest common divisor of 18 and a?
6
Suppose -a + 5*f + 9 = 2*a, -5*a + 15 = -f. Let d(m) = 10*m. Let o be d(a). Calculate the greatest common divisor of 10 and o.
10
Suppose -t - 165 = -2*s, -t = s + 2*t - 93. Suppose y + 2*y + 99 = 0. Let g = -21 - y. Calculate the highest common divisor of s and g.
12
Let g = 30 + -10. What is the greatest common factor of 20 and g?
20
Let w be (4/(-5))/((-2)/(-15)). Let a be w/(-9) + 29/(-3). Let g be (24/a)/(1/(-6)). Calculate the greatest common factor of 40 and g.
8
Suppose u - 172 = -k, 2*u - 227 + 909 = 4*k. What is the highest common factor of k and 19?
19
Let y(k) = -k**3 + 5*k**2 + 2*k - 7. Let h be y(5). Suppose h*f - 42 = 2*g - 4, 5*g - 38 = -2*f. What is the highest common factor of f and 14?
14
Suppose -25*z + 21*z = -28. What is the greatest common divisor of z and 7?
7
Suppose -11*l = -28*l + 1020. What is the highest common factor of 40 and l?
20
Let l be (-28305)/54 - 2/(-12). Let i be (-2)/(-3) + l/(-6). Calculate the greatest common divisor of 8 and i.
8
Let p(x) = x**3 + 14*x**2 - 10*x - 15. Let j be p(-14). What is the greatest common 